{"id":610,"date":"2023-09-21T22:42:19","date_gmt":"2023-09-22T04:42:19","guid":{"rendered":"https:\/\/janssencosmeticscostarica.com\/tiendamayorista\/?post_type=product&#038;p=610"},"modified":"2023-09-21T22:42:19","modified_gmt":"2023-09-22T04:42:19","slug":"2660-irresistible-eye-elixir","status":"publish","type":"product","link":"https:\/\/janssencosmeticscostarica.com\/tiendamayorista\/product\/2660-irresistible-eye-elixir\/","title":{"rendered":"2660 Irresistible Eye Elixir"},"content":{"rendered":"","protected":false},"excerpt":{"rendered":"<h5><strong>S\u00e9rum para contorno de ojos en roll-on con efecto inmediato.<\/strong><\/h5>\n<p>Irresistible Eye Elixir es un imprescindible para los ojos cansados e hinchados. Este s\u00e9rum de textura suave en pr\u00e1ctico formato roll-on refresca la piel, aporta hidrataci\u00f3n intensa y embellece la mirada. La bola imprime un suave masaje en el contorno de los ojos, estimulando la microcirculaci\u00f3n y disminuyendo as\u00ed la inflamaci\u00f3n.<\/p>\n<p>Irresistible Eye Elixir contiene amino\u00e1cidos de cadena larga y glicerina para hidratar de inmediato y revitalizar la piel. El contenido en cafe\u00edna refuerza este efecto y brinda a los ojos cansados una dosis de frescor.<\/p>\n<p>A largo plazo, el complejo p\u00e9ptido Matrixyl\u21223000 estimula la s\u00edntesis de col\u00e1geno y de \u00e1cido hialur\u00f3nico, ayuda a suavizar las arrugas y mejora la elasticidad y la tersura de la piel.<\/p>\n<p>Asimismo, el extracto del \u00e1rbol de la seda protege y repara el sistema microcapilar de la piel del contorno de los ojos, contribuyendo as\u00ed a reducir las ojeras y los signos de cansancio.<\/p>\n<p>Irresistible Eye Elixir es la sinergia perfecta entre la textura de s\u00e9rum sedoso y de r\u00e1pida absorci\u00f3n y la comodidad de la aplicaci\u00f3n en roll-on. El resultado: und piel tersa y suave, radiantemente fresca.<\/p>\n","protected":false},"featured_media":611,"template":"","meta":{"bgseo_title":"","bgseo_description":"","bgseo_robots_index":"index","bgseo_robots_follow":"follow"},"product_brand":[],"product_cat":[24],"product_tag":[],"class_list":{"0":"post-610","1":"product","2":"type-product","3":"status-publish","4":"has-post-thumbnail","6":"product_cat-todo-tipo-de-piel","8":"first","9":"instock","10":"shipping-taxable","11":"product-type-simple"},"jetpack_sharing_enabled":true,"_links":{"self":[{"href":"https:\/\/janssencosmeticscostarica.com\/tiendamayorista\/wp-json\/wp\/v2\/product\/610","targetHints":{"allow":["GET"]}}],"collection":[{"href":"https:\/\/janssencosmeticscostarica.com\/tiendamayorista\/wp-json\/wp\/v2\/product"}],"about":[{"href":"https:\/\/janssencosmeticscostarica.com\/tiendamayorista\/wp-json\/wp\/v2\/types\/product"}],"wp:featuredmedia":[{"embeddable":true,"href":"https:\/\/janssencosmeticscostarica.com\/tiendamayorista\/wp-json\/wp\/v2\/media\/611"}],"wp:attachment":[{"href":"https:\/\/janssencosmeticscostarica.com\/tiendamayorista\/wp-json\/wp\/v2\/media?parent=610"}],"wp:term":[{"taxonomy":"product_brand","embeddable":true,"href":"https:\/\/janssencosmeticscostarica.com\/tiendamayorista\/wp-json\/wp\/v2\/product_brand?post=610"},{"taxonomy":"product_cat","embeddable":true,"href":"https:\/\/janssencosmeticscostarica.com\/tiendamayorista\/wp-json\/wp\/v2\/product_cat?post=610"},{"taxonomy":"product_tag","embeddable":true,"href":"https:\/\/janssencosmeticscostarica.com\/tiendamayorista\/wp-json\/wp\/v2\/product_tag?post=610"}],"curies":[{"name":"wp","href":"https:\/\/api.w.org\/{rel}","templated":true}]}}