{"id":594,"date":"2023-09-21T22:16:31","date_gmt":"2023-09-22T04:16:31","guid":{"rendered":"https:\/\/janssencosmeticscostarica.com\/tiendamayorista\/?post_type=product&#038;p=594"},"modified":"2023-09-21T22:16:31","modified_gmt":"2023-09-22T04:16:31","slug":"2910p-detox-cream","status":"publish","type":"product","link":"https:\/\/janssencosmeticscostarica.com\/tiendamayorista\/product\/2910p-detox-cream\/","title":{"rendered":"2910P Detox Cream"},"content":{"rendered":"","protected":false},"excerpt":{"rendered":"<h5><strong>PARA UNA PIEL VITAL Y REVITALIZADA.<\/strong><\/h5>\n<p>Un cutis cansado y p\u00e1lido es a menudo un signo de s\u00edntomas de estr\u00e9s relacionados con el medio ambiente. No es de extra\u00f1ar, ya que el aumento de la acumulaci\u00f3n de productos metab\u00f3licos de desecho (por ejemplo, prote\u00ednas y l\u00edpidos oxidativos), que est\u00e1n descompuestos inadecuadamente, causa que la piel envejezca prematura-mente. Las llamadas manchas de envejecimiento son una indicaci\u00f3n m\u00e1s de esto.<\/p>\n<p>Detox Cream apoya los mecanismos de desintoxicaci\u00f3n de la piel y proporciona est\u00edmulos totalmente nuevos. Los principios activos altamente eficaces en esta crema totalmente nueva estimulan los sistemas naturales de desintoxicaci\u00f3n de las c\u00e9lulas y previenen el da\u00f1o celular oxidativo. El contenido en l\u00edpidos del 31% cuida la piel con tendencia a ser seca, dej\u00e1ndola suave, hermosa y con una frescura juvenil.<\/p>\n<p>Detox Cream contiene dos principios activos innovadores: un extracto de levadura, rico en polisac\u00e1ridos a\u2011glucano y una alta actividad del p\u00e9ptido de la pulpa de aguacate. Los dos principios activos promueven de forma verificable el nivel de actividad celular cuando los dep\u00f3sitos tienen que ser descompuestos y neutralizados.<\/p>\n<p>Una mezcla de vitamina C isopalmitato y acetato de vitamina E se utiliza para inactivar los radicales libres. Estas vitaminas probadas penetran en la piel en su forma estabilizada. All\u00ed, se vuelven activas y protegen las c\u00e9lulas de la piel contra la oxidaci\u00f3n. Las c\u00e9lulas se mantienen m\u00e1s vitales y revelan esto viviendo durante m\u00e1s tiempo.<\/p>\n<p>Detox Cream cuida la piel dej\u00e1ndola hermosa: incluso despu\u00e9s de s\u00f3lo un corto per\u00edodo de aplicaci\u00f3n, el cutis adquiere una mayor frescura y vitalidad. Las manchas se reducen y la piel se vuelve visiblemente m\u00e1s lisa.<\/p>\n","protected":false},"featured_media":595,"template":"","meta":{"bgseo_title":"","bgseo_description":"","bgseo_robots_index":"index","bgseo_robots_follow":"follow"},"product_brand":[],"product_cat":[24],"product_tag":[],"class_list":{"0":"post-594","1":"product","2":"type-product","3":"status-publish","4":"has-post-thumbnail","6":"product_cat-todo-tipo-de-piel","8":"first","9":"instock","10":"shipping-taxable","11":"product-type-simple"},"jetpack_sharing_enabled":true,"_links":{"self":[{"href":"https:\/\/janssencosmeticscostarica.com\/tiendamayorista\/wp-json\/wp\/v2\/product\/594","targetHints":{"allow":["GET"]}}],"collection":[{"href":"https:\/\/janssencosmeticscostarica.com\/tiendamayorista\/wp-json\/wp\/v2\/product"}],"about":[{"href":"https:\/\/janssencosmeticscostarica.com\/tiendamayorista\/wp-json\/wp\/v2\/types\/product"}],"wp:featuredmedia":[{"embeddable":true,"href":"https:\/\/janssencosmeticscostarica.com\/tiendamayorista\/wp-json\/wp\/v2\/media\/595"}],"wp:attachment":[{"href":"https:\/\/janssencosmeticscostarica.com\/tiendamayorista\/wp-json\/wp\/v2\/media?parent=594"}],"wp:term":[{"taxonomy":"product_brand","embeddable":true,"href":"https:\/\/janssencosmeticscostarica.com\/tiendamayorista\/wp-json\/wp\/v2\/product_brand?post=594"},{"taxonomy":"product_cat","embeddable":true,"href":"https:\/\/janssencosmeticscostarica.com\/tiendamayorista\/wp-json\/wp\/v2\/product_cat?post=594"},{"taxonomy":"product_tag","embeddable":true,"href":"https:\/\/janssencosmeticscostarica.com\/tiendamayorista\/wp-json\/wp\/v2\/product_tag?post=594"}],"curies":[{"name":"wp","href":"https:\/\/api.w.org\/{rel}","templated":true}]}}