{"id":592,"date":"2023-09-21T22:11:32","date_gmt":"2023-09-22T04:11:32","guid":{"rendered":"https:\/\/janssencosmeticscostarica.com\/tiendamayorista\/?post_type=product&#038;p=592"},"modified":"2023-09-21T22:11:33","modified_gmt":"2023-09-22T04:11:33","slug":"2631p-probiotics-pro-immune-serum","status":"publish","type":"product","link":"https:\/\/janssencosmeticscostarica.com\/tiendamayorista\/product\/2631p-probiotics-pro-immune-serum\/","title":{"rendered":"2631P PROBIOTICS Pro-Immune Serum"},"content":{"rendered":"","protected":false},"excerpt":{"rendered":"<h5><strong>S\u00e9rum fortalecedor para la piel estresada por el ambiente.<\/strong><\/h5>\n<p>PROBIOTICS Pro-Immune Serum activa los mecanismos de defensa de la piel. Se trata de un s\u00e9rum exclusivo con ingredientes activos que fortalecen la piel y la protegen ampliamente de los da\u00f1os causados por la contaminaci\u00f3n del aire y la luz azul.<\/p>\n<p>El ingrediente activo clave del s\u00e9rum es un innovador agente probi\u00f3tico que ha demostrado mejorar la resistencia de la piel y fortalecer la barrera de protecci\u00f3n cut\u00e1nea. Este agente probi\u00f3tico ayuda a equilibrar el microbioma de la piel, reduciendo as\u00ed la irritaci\u00f3n y el da\u00f1o causado por las part\u00edculas finas y otros factores estresantes del ambiente. Adem\u00e1s, gracias a un extracto de microalgas altamente eficaz, los efectos negativos de la luz azul se reducen significativamente. El extracto se activa por los altos niveles de energ\u00eda de los rayos, convirti\u00e9ndolos as\u00ed en una eficaz arma antienvejecimiento. Por su parte, el betaglucano estimula el sistema inmunitario de la piel y, con \u00e9l, su capacidad de resistencia. La Ectoin<sup>\u00ae<\/sup> es otro de los agentes encargados de reforzar los mecanismos de protecci\u00f3n de la piel, ya que protege las c\u00e9lulas de Langerhans, que tienen precisamente esta funci\u00f3n. Por \u00faltimo, pero no menos importante, la f\u00f3rmula destaca por el \u00e1cido hialur\u00f3nico de cadena larga y corta, que hidrata la piel intensamente.<\/p>\n<p>PROBIOTICS Pro-Immune Serum es adecuado para todo tipo de piel. La piel luce un aspecto m\u00e1s uniforme, hidratado y calmado. Ideal en combinaci\u00f3n con PROBIOTICS Anti-Pullotion Cream<\/p>\n","protected":false},"featured_media":593,"template":"","meta":{"bgseo_title":"","bgseo_description":"","bgseo_robots_index":"index","bgseo_robots_follow":"follow"},"product_brand":[],"product_cat":[24],"product_tag":[],"class_list":{"0":"post-592","1":"product","2":"type-product","3":"status-publish","4":"has-post-thumbnail","6":"product_cat-todo-tipo-de-piel","8":"first","9":"instock","10":"shipping-taxable","11":"product-type-simple"},"jetpack_sharing_enabled":true,"_links":{"self":[{"href":"https:\/\/janssencosmeticscostarica.com\/tiendamayorista\/wp-json\/wp\/v2\/product\/592","targetHints":{"allow":["GET"]}}],"collection":[{"href":"https:\/\/janssencosmeticscostarica.com\/tiendamayorista\/wp-json\/wp\/v2\/product"}],"about":[{"href":"https:\/\/janssencosmeticscostarica.com\/tiendamayorista\/wp-json\/wp\/v2\/types\/product"}],"wp:featuredmedia":[{"embeddable":true,"href":"https:\/\/janssencosmeticscostarica.com\/tiendamayorista\/wp-json\/wp\/v2\/media\/593"}],"wp:attachment":[{"href":"https:\/\/janssencosmeticscostarica.com\/tiendamayorista\/wp-json\/wp\/v2\/media?parent=592"}],"wp:term":[{"taxonomy":"product_brand","embeddable":true,"href":"https:\/\/janssencosmeticscostarica.com\/tiendamayorista\/wp-json\/wp\/v2\/product_brand?post=592"},{"taxonomy":"product_cat","embeddable":true,"href":"https:\/\/janssencosmeticscostarica.com\/tiendamayorista\/wp-json\/wp\/v2\/product_cat?post=592"},{"taxonomy":"product_tag","embeddable":true,"href":"https:\/\/janssencosmeticscostarica.com\/tiendamayorista\/wp-json\/wp\/v2\/product_tag?post=592"}],"curies":[{"name":"wp","href":"https:\/\/api.w.org\/{rel}","templated":true}]}}