{"id":589,"date":"2023-09-21T22:01:53","date_gmt":"2023-09-22T04:01:53","guid":{"rendered":"https:\/\/janssencosmeticscostarica.com\/tiendamayorista\/?post_type=product&#038;p=589"},"modified":"2023-09-24T19:49:17","modified_gmt":"2023-09-25T01:49:17","slug":"2621-probiotics-anti-pollution-cream","status":"publish","type":"product","link":"https:\/\/janssencosmeticscostarica.com\/tiendamayorista\/product\/2621-probiotics-anti-pollution-cream\/","title":{"rendered":"2621  PROBIOTICS Anti-Pollution Cream"},"content":{"rendered":"","protected":false},"excerpt":{"rendered":"<h5><strong>Cuidado ligero 24 horas para la piel estresada por el ambiente.<\/strong><\/h5>\n<p>PROBIOTICS Anti-Pollution Cream aporta un cuidado 24 horas para la piel irritada y estresada por los efectos negativos del ambiente. Su compleja f\u00f3rmula contiene ingredientes activos que protegen ampliamente la piel ante los da\u00f1os causados por la contaminaci\u00f3n del aire y la luz azul.<\/p>\n<p>El ingrediente activo clave de esta exclusiva f\u00f3rmula es un innovador agente probi\u00f3tico que ha demostrado mejorar la resistencia de la piel y fortalecer la barrera de protecci\u00f3n cut\u00e1nea. Este agente probi\u00f3tico ayuda a equilibrar el microbioma de la piel, reduciendo as\u00ed la irritaci\u00f3n y el da\u00f1o causado por las part\u00edculas finas y otros factores estresantes del ambiente. Un innovador extracto de microalgas act\u00faa contra el envejecimiento digital, provocado por la luz azul. El extracto se activa por los altos niveles de energ\u00eda de los rayos, convirti\u00e9ndolos as\u00ed en una eficaz arma antienvejecimiento. Por su parte, el extracto de camelia roja reduce los efectos negativos de la contaminaci\u00f3n del aire gracias a su eficacia como antioxidante. Adem\u00e1s, alisa las arrugas, mejora la densidad de la piel y le aporta hidrataci\u00f3n. El \u00e1cido hialur\u00f3nico de cadena corta y larga aten\u00faa las arrugas y las l\u00edneas de expresi\u00f3n, mientras que la vitamina E neutraliza los radicales libres y la manteca de karit\u00e9 nutre la piel.<\/p>\n<p>PROBIOTICS Anti-Pollution Cream es adecuada para todo tipo de piel. Su uso regular otorga a la piel un aspecto m\u00e1s equilibrado, uniforme y suave. Ideal en combinaci\u00f3n con PROBIOTICS Pro-Immune Serum.<\/p>\n","protected":false},"featured_media":776,"template":"","meta":{"bgseo_title":"","bgseo_description":"","bgseo_robots_index":"index","bgseo_robots_follow":"follow"},"product_brand":[],"product_cat":[24],"product_tag":[],"class_list":{"0":"post-589","1":"product","2":"type-product","3":"status-publish","4":"has-post-thumbnail","6":"product_cat-todo-tipo-de-piel","8":"first","9":"instock","10":"shipping-taxable","11":"product-type-simple"},"jetpack_sharing_enabled":true,"_links":{"self":[{"href":"https:\/\/janssencosmeticscostarica.com\/tiendamayorista\/wp-json\/wp\/v2\/product\/589","targetHints":{"allow":["GET"]}}],"collection":[{"href":"https:\/\/janssencosmeticscostarica.com\/tiendamayorista\/wp-json\/wp\/v2\/product"}],"about":[{"href":"https:\/\/janssencosmeticscostarica.com\/tiendamayorista\/wp-json\/wp\/v2\/types\/product"}],"wp:featuredmedia":[{"embeddable":true,"href":"https:\/\/janssencosmeticscostarica.com\/tiendamayorista\/wp-json\/wp\/v2\/media\/776"}],"wp:attachment":[{"href":"https:\/\/janssencosmeticscostarica.com\/tiendamayorista\/wp-json\/wp\/v2\/media?parent=589"}],"wp:term":[{"taxonomy":"product_brand","embeddable":true,"href":"https:\/\/janssencosmeticscostarica.com\/tiendamayorista\/wp-json\/wp\/v2\/product_brand?post=589"},{"taxonomy":"product_cat","embeddable":true,"href":"https:\/\/janssencosmeticscostarica.com\/tiendamayorista\/wp-json\/wp\/v2\/product_cat?post=589"},{"taxonomy":"product_tag","embeddable":true,"href":"https:\/\/janssencosmeticscostarica.com\/tiendamayorista\/wp-json\/wp\/v2\/product_tag?post=589"}],"curies":[{"name":"wp","href":"https:\/\/api.w.org\/{rel}","templated":true}]}}