{"id":561,"date":"2023-09-21T19:08:13","date_gmt":"2023-09-22T01:08:13","guid":{"rendered":"https:\/\/janssencosmeticscostarica.com\/tiendamayorista\/?post_type=product&#038;p=561"},"modified":"2023-09-21T19:08:14","modified_gmt":"2023-09-22T01:08:14","slug":"1130-age-perfecting-serum","status":"publish","type":"product","link":"https:\/\/janssencosmeticscostarica.com\/tiendamayorista\/product\/1130-age-perfecting-serum\/","title":{"rendered":"1130 Age Perfecting Serum"},"content":{"rendered":"","protected":false},"excerpt":{"rendered":"<h5><strong>Suero anti-edad como complemento al tratamiento diario.<\/strong><\/h5>\n<p>Age Perfecting Serum, con complejo de regeneraci\u00f3n celular, es el complemento ideal de las cremas hidratantes Mature. El suero altamente concentrado refuerza su efecto y deja la piel tersa y el\u00e1stica.<\/p>\n<p>Las potentes sustancias activas del complejo de regeneraci\u00f3n celular, abreviado CRC, garantizan una regeneraci\u00f3n completa de la piel madura y refuerzan la estructura de la piel. El extracto de tr\u00e9bol rojo reduce las arrugas visibles, tersa la piel y aporta humedad. Kombucha, una sustancia multiactiva de t\u00e9 negro fermentado, mejora el brillo. Las investigaciones m\u00e1s recientes demuestran adem\u00e1s que la kombucha puede simular el desarrollo y el envejecimiento de las c\u00e9lulas adiposas de la piel y, de esta forma, ofrecer un efecto natural lipo-filling.<\/p>\n<p>Al mismo tiempo, los \u00e1cidos hialur\u00f3nicos de cadena larga y corta aportan una intensa humedad y otorgan inmediatamente a la tez un aspecto m\u00e1s terso. Las vitaminas E y C protegen la piel de los radicales libres que da\u00f1an las c\u00e9lulas y evitan el envejecimiento prematuro de la piel a causa de la luz. En combinaci\u00f3n con las c\u00e9lulas madre vegetales de rosa alpina, protege la piel de forma \u00f3ptima frente al estr\u00e9s ambiental.<\/p>\n<p>Para lograr resultados r\u00e1pidamente visibles, se debe aplicar por la ma\u00f1ana y por la noche en combinaci\u00f3n con su tratamiento habitual.<\/p>\n","protected":false},"featured_media":562,"template":"","meta":{"bgseo_title":"","bgseo_description":"","bgseo_robots_index":"index","bgseo_robots_follow":"follow"},"product_brand":[],"product_cat":[23],"product_tag":[],"class_list":{"0":"post-561","1":"product","2":"type-product","3":"status-publish","4":"has-post-thumbnail","6":"product_cat-pieles-maduras-linea-anti-edad","8":"first","9":"instock","10":"shipping-taxable","11":"product-type-simple"},"jetpack_sharing_enabled":true,"_links":{"self":[{"href":"https:\/\/janssencosmeticscostarica.com\/tiendamayorista\/wp-json\/wp\/v2\/product\/561","targetHints":{"allow":["GET"]}}],"collection":[{"href":"https:\/\/janssencosmeticscostarica.com\/tiendamayorista\/wp-json\/wp\/v2\/product"}],"about":[{"href":"https:\/\/janssencosmeticscostarica.com\/tiendamayorista\/wp-json\/wp\/v2\/types\/product"}],"wp:featuredmedia":[{"embeddable":true,"href":"https:\/\/janssencosmeticscostarica.com\/tiendamayorista\/wp-json\/wp\/v2\/media\/562"}],"wp:attachment":[{"href":"https:\/\/janssencosmeticscostarica.com\/tiendamayorista\/wp-json\/wp\/v2\/media?parent=561"}],"wp:term":[{"taxonomy":"product_brand","embeddable":true,"href":"https:\/\/janssencosmeticscostarica.com\/tiendamayorista\/wp-json\/wp\/v2\/product_brand?post=561"},{"taxonomy":"product_cat","embeddable":true,"href":"https:\/\/janssencosmeticscostarica.com\/tiendamayorista\/wp-json\/wp\/v2\/product_cat?post=561"},{"taxonomy":"product_tag","embeddable":true,"href":"https:\/\/janssencosmeticscostarica.com\/tiendamayorista\/wp-json\/wp\/v2\/product_tag?post=561"}],"curies":[{"name":"wp","href":"https:\/\/api.w.org\/{rel}","templated":true}]}}